n divisor of 51642 and 4047?
57
Calculate the highest common factor of 540 and 16830.
90
What is the highest common divisor of 59337 and 152?
19
What is the highest common factor of 492350 and 602?
86
Calculate the greatest common divisor of 592 and 8504.
8
What is the highest common divisor of 240 and 27960?
120
Calculate the greatest common factor of 70005 and 5460.
195
Calculate the highest common divisor of 5031793 and 1157.
1157
Calculate the greatest common divisor of 49067 and 139.
139
Calculate the greatest common divisor of 495898 and 65.
13
What is the highest common factor of 234297 and 126?
63
What is the highest common factor of 15 and 344335?
5
Calculate the highest common factor of 300958 and 370.
74
What is the greatest common factor of 450 and 507330?
90
Calculate the highest common divisor of 3248 and 2088.
232
What is the highest common divisor of 14611 and 209?
19
Calculate the highest common factor of 59618 and 26.
26
What is the greatest common divisor of 590789 and 292?
73
What is the highest common factor of 2828265 and 6?
3
Calculate the greatest common divisor of 22289 and 775.
31
What is the highest common factor of 2846232 and 648?
216
What is the greatest common divisor of 92 and 10649?
23
Calculate the greatest common divisor of 1547 and 452088.
91
What is the greatest common divisor of 136500 and 900?
300
Calculate the greatest common factor of 780 and 2108808.
156
What is the greatest common divisor of 384 and 13344?
96
Calculate the highest common factor of 2510606 and 7.
7
Calculate the greatest common factor of 384158 and 4311.
479
Calculate the highest common divisor of 1660 and 20833.
83
Calculate the highest common factor of 80 and 234170.
10
Calculate the highest common factor of 11970 and 2090.
190
Calculate the greatest common divisor of 72 and 27752.
8
What is the greatest common divisor of 396 and 42900?
132
What is the greatest common factor of 411015 and 530?
265
What is the highest common factor of 82 and 738?
82
What is the greatest common factor of 6925 and 900?
25
Calculate the greatest common factor of 91 and 144627.
7
What is the highest common divisor of 203 and 5579?
7
Calculate the greatest common divisor of 64241 and 11603.
283
Calculate the highest common divisor of 67461 and 7164.
597
Calculate the highest common divisor of 461975 and 850.
425
Calculate the greatest common factor of 43608 and 345.
69
Calculate the greatest common divisor of 7462 and 9646.
182
What is the highest common divisor of 39172 and 469?
7
What is the greatest common divisor of 183 and 3725697?
183
Calculate the highest common divisor of 5649 and 5523.
21
What is the greatest common divisor of 2072 and 684056?
296
Calculate the highest common factor of 833819 and 46.
23
Calculate the highest common factor of 150735 and 7215.
195
What is the greatest common divisor of 19 and 243?
1
What is the highest common divisor of 140 and 125090?
70
What is the highest common divisor of 17 and 128095?
17
What is the greatest common factor of 503726 and 164?
82
What is the greatest common factor of 32 and 4024?
8
What is the highest common factor of 177 and 64723?
59
What is the greatest common factor of 172653 and 57?
57
What is the greatest common factor of 611124 and 204?
12
What is the highest common factor of 45 and 5719995?
45
Calculate the highest common divisor of 66 and 464343.
33
Calculate the highest common factor of 143922 and 30378.
498
Calculate the greatest common factor of 354270 and 245.
245
What is the highest common factor of 33820 and 52510?
890
Calculate the highest common divisor of 68185 and 5.
5
What is the greatest common factor of 4527 and 204?
3
What is the highest common factor of 248164 and 28?
28
Calculate the highest common factor of 2938203 and 9.
9
What is the greatest common divisor of 24516 and 432?
108
What is the highest common factor of 4564 and 1204?
28
Calculate the greatest common divisor of 3976686 and 1036.
518
Calculate the highest common divisor of 333 and 2109.
111
Calculate the highest common divisor of 8790 and 90.
30
What is the greatest common factor of 42199 and 114?
19
What is the greatest common divisor of 2386890 and 198?
198
What is the highest common factor of 150 and 97305?
15
Calculate the greatest common factor of 74 and 2289116.
74
Calculate the greatest common factor of 216 and 63456.
24
Calculate the highest common divisor of 1531 and 7.
1
Calculate the greatest common factor of 108 and 2816244.
36
Calculate the greatest common factor of 2335 and 270.
5
What is the highest common divisor of 101 and 2580247?
101
What is the greatest common factor of 24820 and 1496?
68
What is the greatest common divisor of 3969 and 6561?
81
What is the highest common factor of 5994 and 1674?
54
What is the highest common factor of 10360 and 5320?
280
Calculate the highest common divisor of 162 and 258633.
81
What is the greatest common factor of 12993 and 1281?
183
What is the greatest common divisor of 3631 and 9?
1
Calculate the greatest common divisor of 45040 and 66434.
1126
What is the highest common factor of 780 and 2855190?
390
Calculate the highest common divisor of 395388 and 783.
27
What is the greatest common factor of 2549295 and 45?
45
What is the highest common divisor of 716 and 140873?
179
What is the greatest common divisor of 1378 and 95771?
689
What is the highest common divisor of 20 and 15?
5
Calculate the greatest common divisor of 1120 and 27230.
70
Calculate the greatest common factor of 213820 and 20.
20
Calculate the greatest common factor of 432 and 35478.
54
What is the highest common divisor of 80 and 246920?
40
Calculate the greatest common divisor of 511413 and 686.
343
What is the highest common divisor of 135436 and 196?
196
What is the highest common divisor of 21868 and 836?
44
What is the highest common divisor of 161051 and 484?
121
Calculate the greatest common factor of 6416 and 256.
16
What is the highest common divisor of 4462 and 668912?
194
Calculate the highest common divisor of 49887 and 161.
23
Calculate the greatest common divisor of 184 and 273838.
46
Calculate the highest common factor of 324 and 9963.
81
Calculate the highest common divisor of 133 and 22582.
7
What is the highest common divisor of 88 and 3304?
8
What is the highest common factor of 14466 and 312?
6
Calculate the greatest common divisor of 20 and 109195.
5
Calculate the greatest common factor of 875544 and 6.
6
Calculate the greatest common divisor of 3296 and 5763056.
1648
What is the greatest common divisor of 2860 and 5143424?
572
What is the highest common divisor of 88901 and 76?
19
What is the greatest common factor of 320 and 117840?
80
Calculate the greatest common divisor of 66 and 691658.
22
Calculate the highest common divisor of 1508 and 7946.
58
What is the greatest common divisor of 50 and 1277630?
10
Calculate the greatest common factor of 174 and 22562.
58
Calculate the highest common factor of 620 and 19809.
31
What is the highest common factor of 81 and 15381?
9
Calculate the greatest common factor of 161 and 16882.
23
What is the highest common factor of 5175168 and 1920?
384
What is the greatest common factor of 77 and 32274?
11
What is the highest common divisor of 11 and 15389?
11
Calculate the greatest common divisor of 883520 and 528.
176
Calculate the greatest common factor of 73124 and 10908.
404
Calculate the highest common factor of 33220 and 13420.
220
Calculate the highest common divisor of 696 and 3048.
24
Calculate the highest common factor of 24 and 4218.
6
What is the greatest common factor of 704160 and 486?
54
What is the highest common factor of 1 and 374?
1
Calculate the greatest common divisor of 17876 and 2378.
82
Calculate the greatest common factor of 2400 and 1130.
10
What is the greatest common factor of 11377 and 558?
31
What is the highest common divisor of 60 and 1112340?
60
Calculate the highest common divisor of 9 and 71343.
9
What is the greatest common divisor of 2976 and 82848?
96
What is the greatest common divisor of 140556 and 1632?
204
What is the highest common divisor of 118 and 2400?
2
What is the greatest common divisor of 21 and 439?
1
What is the highest common divisor of 1248570 and 90?
90
What is the 